- 5*m + 4*u, 3*m + 3*u = 3. Let b be 0/(4/m + 1). Let o(p) = -2*p - p**3 - 7 + b*p**3 + 6. Give o(-1).
2
Let y = -1 - -3. Let w(v) = v**y + 1 + 2*v - 3 + 3. Suppose 0 = c + 3 - 0. Calculate w(c).
4
Suppose 0 = 8*c - 24*c - 96. Let s(f) = f + 13. Give s(c).
7
Suppose 5*i + f - 12 = 0, 4*i - 3*f = -7*f. Let v(q) be the first derivative of i - 5/2*q**2 - 1/3*q**3 + 3*q. Give v(-4).
7
Let t(l) = -l**3 - 9*l**3 - l**2 - 3*l**3 + 5*l**3. Determine t(-1).
7
Let s(d) = -d + 1. Let h be s(2). Let l(p) be the first derivative of -p**3/6 - p**2/2 - 3*p - 3. Let u(f) be the first derivative of l(f). Determine u(h).
0
Let o(y) = 5*y**2 + 2*y - 11. Let u be 1/(-12)*-4*18. Let q(i) = 14*i**2 + 5*i - 32. Let r(j) = u*q(j) - 17*o(j). What is r(-4)?
-5
Let f(j) = -3 + 3 + j. Suppose 5*s = 2*s. What is f(s)?
0
Let p(b) be the second derivative of b**4/12 - b**3/2 - 3*b**2 + 3*b. Calculate p(6).
12
Suppose 2*y + 5 = -3*y. Let k(b) be the third derivative of b**6/144 + b**5/120 + b**4/8 + 2*b**2. Let n(v) be the second derivative of k(v). Determine n(y).
-4
Let x(u) = u**2. Let w(d) = 4*d**2 + 5*d - 2. Let s(t) = -w(t) + 3*x(t). Let p be (5 - 1)*6/8. Suppose 2*i + 13 = -g, -g + 26 = -5*i - p. Give s(i).
-4
Let t(u) = u**2 + 6*u - 1. Let j be (2*-1)/(((-12)/3)/(-8)). Determine t(j).
-9
Let n(f) = -1 + 27*f**2 + f - 2*f - 26*f**2. What is n(2)?
1
Let u(j) be the third derivative of -j**5/60 + j**3/6 - 5*j**2. Give u(-5).
-24
Let q be (-60)/(-9)*27/15. Suppose -3*z = -q - 0. Let w(i) = -2*i + 5. What is w(z)?
-3
Let c(j) = -4*j**3 - 3*j**2 + 2*j - 4. Let o(w) = 11*w**3 + 9*w**2 - 6*w + 11. Let l(g) = 8*c(g) + 3*o(g). Calculate l(-4).
-7
Let x(w) = -w - 1. Let g(t) be the second derivative of -t**4/12 - 5*t**3/3 - 9*t**2/2 + t. Let y be (-19)/2 + 2/4. Let i be g(y). Give x(i).
-1
Let n(o) = 2*o**2 + 2*o + 2. Let b(k) = -6*k - 1. Let s be b(-1). Suppose 3*g - 5*w - 29 = 0, 23 = g - 0*g - 5*w. Let x = g - s. Determine n(x).
6
Let k(z) = z**2 + 5. Let t be k(0). Let p = t - 9. Let q(b) = -b - 4. Give q(p).
0
Suppose 3*u - 9 = -5*p, -u + 13 - 3 = 4*p. Let w be 8/p + (-10)/15. Let t(r) = -r**3 - 5 + 0*r**w + 5*r**2 - 4*r + 0*r**2. Calculate t(4).
-5
Suppose 12 = -2*g + 4*g. Let t(h) = g*h + h**2 - 8 + 6*h**2 + 1 + h**3. Let q be 2/(-8) + 69/(-12). Give t(q).
-7
Let p(s) = -4 - 3 + 2*s + 0 - 3*s. Give p(6).
-13
Let s(k) = k**2 + 5*k - 10. Let p be s(-7). Suppose f + i = 3, -4*f + p*i - 6 = 6. Let o(g) = -g**3 + g**2 - 5. Calculate o(f).
-5
Suppose 25 = 5*u, -x + 5 = -3*x + 3*u. Let a = x - 3. Suppose -2*p + 0*p - 13 = -l, -14 = a*l + 4*p. Let c(k) = 2*k + 2. Give c(l).
8
Suppose -q - q - 6 = w, -3*w + 2 = q. Let o(h) = -h - 3. What is o(q)?
1
Let n be (-1)/(((-39)/(-18))/13). Let m(a) = -2 + 2*a**2 - 6*a - 5 + 3*a**2 + a**3. Determine m(n).
-7
Let o = -80 - -72. Let h(w) = w**3 + 7*w**2 - 7*w + 8. Give h(o).
0
Let h be 0 + (4 - (0 - -9)). Let y(j) = -j + 1. Calculate y(h).
6
Let t(l) = 2*l - 18. Let f be t(8). Let v(h) = -4*h**2 - 4*h - 3. What is v(f)?
-11
Suppose -5*a + 2*f + 15 = -f, -2*a + 4*f = -6. Let d(u) = -1 + 3*u - a + 0 + 1. Give d(4).
9
Let v(p) be the third derivative of p**5/60 + p**4/12 + p**3/2 - 16*p**2. Determine v(-3).
6
Let j be 8/4*1/2. Let r(p) be the second derivative of p**6/120 - p**5/30 + p**3/6 - p**2/2 - p. Let b(u) be the first derivative of r(u). Determine b(j).
0
Let n(q) = q**2 - 3*q - 3. Suppose 2*g = -4*o - 12, -2*g - 8 = g + 4*o. Suppose b + 5*w + 17 = 0, b + 2*w = -g*b + 7. What is n(b)?
-3
Let u = 30 + -18. Let y(x) = 13*x - 4 - 4 - u*x. Determine y(6).
-2
Let n(y) = -y + 3. Let b = 2 + 4. Suppose b*v - 2*v = -12. Determine n(v).
6
Let n(j) = 5*j**3 + 10*j**2 - 15*j - 11. Let i(l) = -2*l**3 - 3*l**2 + 5*l + 4. Let b(r) = 8*i(r) + 3*n(r). Determine b(5).
-1
Let m(n) = -7*n**3 - 4*n**2 - 4*n - 3. Let a(d) = -d**3 - d - 1. Let x(s) = 6*a(s) - m(s). Let t be x(-4). Let c(y) = y**3 - 5*y**2 + 3. Determine c(t).
3
Let h(r) = 7*r**2 - r - 4. Let c(y) = 16*y**2 - 2*y - 9. Let u(d) = -4*c(d) + 9*h(d). Calculate u(3).
-12
Let g be ((-6)/9)/((-1)/3). Let c(h) = -4*h**2 + 8*h - 7. Let z(q) = 8*q**2 - 17*q + 15. Let u(p) = 9*c(p) + 4*z(p). Calculate u(g).
-11
Let v(j) = -j**3 - 3*j**2 - j. Let a(d) = -d + 3. Let p be a(5). Calculate v(p).
-2
Let g = 2 + 1. Let c(f) be the third derivative of -1/24*f**4 - 2*f**2 + 0*f - 1/6*f**g + 0 - 1/15*f**5. Determine c(-1).
-4
Let g(n) = -n**2 + 2*n - 1. Suppose 6*z - 3*z = 0. Suppose z = 3*m - 0 - 6. Calculate g(m).
-1
Let t(f) = -f**2 + 5. Let a be t(-7). Let v be (-212)/a - (-4)/22. Let r = v + -3. Let l(b) = 4*b + 1. Determine l(r).
9
Suppose -10*u = -5*u. Let l(y) = -3 + y + u*y + y + y**2. What is l(-5)?
12
Let k = 6 + -11. Let g(l) be the third derivative of l**5/60 + l**4/12 - l**3 - 7*l**2. Give g(k).
9
Let x(m) = -131 + 0*m**2 - 4*m + 132 + m**2. What is x(5)?
6
Let j(k) = -k**2 + k - 1. Let v(y) = 2*y**2 - 2*y + 2. Let c(g) = -12*j(g) - 5*v(g). Let f(i) be the first derivative of c(i). Calculate f(-2).
-10
Let w(i) be the first derivative of i**4/4 + 4*i**3/3 - i**2/2 - i - 1. Let l be ((3 + -3)/2)/1. Let g be -3 + l + -1 - 0. Determine w(g).
3
Let k(j) be the third derivative of j**6/120 - 7*j**5/60 + 5*j**4/24 - j**3/6 + 20*j**2. Give k(6).
-7
Let u = -3 - -2. Let q(y) = -13*y. Give q(u).
13
Let h(f) be the first derivative of -f**4/4 + 2*f**3 - 7*f - 20. Give h(6).
-7
Suppose 5*z = -0*n + 3*n + 5, -3*n - 3*z = -3. Suppose 0 = -3*x + h + 6, 2*x = -h - 3*h + 18. Let i(m) = -1 + 9*m + n - m**2 - x*m. Determine i(5).
4
Let y(v) be the first derivative of -v**3/3 - v**2 + 3*v - 4. Give y(2).
-5
Let m = 220 - 222. Let g(s) be the second derivative of s**4/12 + 5*s**3/6 + s**2/2 - s. What is g(m)?
-5
Let b = 1 - -2. Let q(m) = -3*m + 2. Give q(b).
-7
Let d be (12/(-30))/(2/(-10)). Suppose -d*f - 10 = -0*f. Let z(a) = a**3 + 5*a**2 + 2*a + 2. What is z(f)?
-8
Let w = 84 - 81. Let u(o) = o**2 - 4. Determine u(w).
5
Let z(t) = -t**2 + t - 7. Suppose 0 = 6*o - 10*o. What is z(o)?
-7
Let a(q) = -q. Let i(b) = 3*b**2 + 2*b - 11. Let h(j) = 3*a(j) - i(j). Let n(f) = -2*f**2 - 2*f + 6. Let o(y) = -3*h(y) + 5*n(y). Give o(4).
1
Let u(s) be the first derivative of s**6/360 + s**5/40 + s**4/24 - s**3/3 - 1. Let f(a) be the third derivative of u(a). What is f(-2)?
-1
Let k(h) = -h**3 + 3*h**2 - h. Let z(x) = x**2 - 1. Let m(q) = k(q) - 2*z(q). Let b = 4 - 29. Let o be (8/10)/((-10)/b). Calculate m(o).
-4
Let z(a) = 2*a**3 + 2*a**2 - 1. Suppose -4*t + 8 = 2*x, -4*x + 16 = -0*x + 4*t. Let h be x/(-2)*(-2)/(-4). Let m be h/2 - (-6)/4. What is z(m)?
3
Let r(b) = 2*b**3 - 3*b**2. Let w(o) = o + 3. Let h be w(-1). What is r(h)?
4
Let o(m) = -m**2 + 24*m - 3 - 12*m - 13*m + 1. Let s be 1 + 0 - (-2)/(-2). Determine o(s).
-2
Suppose -6 = -0*f - 3*f. Let c(t) be the first derivative of -1/2*t**2 - f - t. Give c(5).
-6
Suppose 0 = c + 1 - 2. Let j(f) = -2 - c - 3 + 2*f - f. What is j(0)?
-6
Let n(h) be the first derivative of -h**2 - 6*h - 1. Suppose 2*l = 2*p - 8, -5*l - 2*p + 13 = 47. Determine n(l).
6
Let c(m) = -m**3 - 7*m**2 - 7*m - 9. Let h be c(-6). Let i be 0/((8 - 3) + -3). Let t(l) = -2*l - 4 + 3 + i*l + 2 - l**2. Determine t(h).
-2
Let h(v) = -v + 0*v + 3 + 0*v. Let k(g) = -2*g + 16. Let d be k(5). Determine h(d).
-3
Let n be (-52)/14 - 4/14. Let o(h) = 0*h - 1 + h**2 + 3*h + 3. Determine o(n).
6
Suppose 0*v - 41 = -2*u + v, u + 3*v = 38. Let g = 18 - u. Let b(p) = -4*p**3 + 4*p**3 + 5*p**2 + p**3 - 5. Determine b(g).
-5
Let s(j) = j**2 + 6*j - 4. Let v be (-6)/(12/14) + 1. Calculate s(v).
-4
Suppose 5*s = 4 + 11. Let t(r) = -8*r - 3. Calculate t(s).
-27
Let c(k) be the third derivative of 3*k**5/20 - 2*k**2. Let t be ((-8)/(-6))/((-2)/12). Let f be 2/3*(-12)/t. Give c(f).
9
Let p(j) = -j**3 - j + 1. Suppose 0 = -h - 0 + 3. Let m(c) = 8*c**3 + 11*c + 5*c**2 - 3*c - 4*c**3. Let w(l) = h*p(l) + m(l). Determine w(-3).
6
Let b(m) = m - 3. Let s = 8 + -4. Suppose -s*f - 14 = 22. Let v be 2/f + (-43)/9. Calculate b(v).
-8
Let d(k) = -5*k**2 + 1. Suppose -5*g - 2 = -3*z - 0, 0 = -z - 5*g - 6. Give d(z).
-4
Suppose -7*w = -9*w. Let v = w + 3. Suppose -v*f = -5*i - 37, 3*f = 6*f - i - 17. Let a(s) = s**3 - 4*s**2 + s + 1. What is a(f)?
5
Let w(k) = -2*k**2 - k + 3*k + k**2. Let m = 0 + 5. Suppose 3*p - 4 = m*p. Give w(p).